z + 3. Is c(s) a prime number?
False
Let v(m) = -3*m**3 - 145*m**2 - 112*m - 69. Is v(-49) a prime number?
False
Suppose 5*d = 3*d - 2*h + 711814, 3*d - 3*h - 1067697 = 0. Is d a prime number?
False
Suppose 5*b - 2475 = -z, 0 = -0*z + 4*z + 2*b - 9900. Suppose n + 8*n = -z. Let g = n + 594. Is g prime?
False
Let q(b) = 591*b + 3733. Is q(6) prime?
False
Suppose 0 = 4*h - 348133 + 13357 - 3757372. Is h composite?
False
Is (2 + (-6)/4)/((-22)/(-3955028)) a prime number?
False
Suppose 106*r - 103*r = 508152. Suppose -r = -10*v - 53894. Is v prime?
True
Let c(n) = -4*n**3 + 2*n**2 + 3*n + 2. Let i be c(-1). Suppose -3*u - 19 = -u + i*s, -5*s = -u - 2. Let x(r) = 33*r**2 + 10*r + 14. Is x(u) composite?
True
Is 29/8*14362 + 1585/(-1268) a composite number?
True
Let w(k) = 1313*k**2 + 9*k + 10. Let y = 3 - 4. Let d be w(y). Suppose 6*n - 6240 = -d. Is n composite?
False
Let n = -15 - -56. Suppose -2*h - 351 = -n. Let g = h + 224. Is g composite?
True
Suppose -9*r = -10*r - 3*v + 7004, -v = -4. Let q = -2259 + r. Is q a composite number?
False
Let f(d) be the second derivative of -19*d**4/12 - 17*d**3/6 - 2*d**2 + 10*d. Let l be f(-12). Is (l/(-4))/((-4)/(-2)) composite?
False
Let h(m) = 241*m**2 - m + 9. Let g = 372 + -367. Is h(g) prime?
True
Let d(g) = -1. Let c(n) = 89*n**3 + 3*n**2 - 2*n - 8. Let q(w) = -c(w) + 3*d(w). Is q(-2) a composite number?
False
Let u = 116 + -115. Let s(g) = 10*g**3. Let m be s(u). Suppose j - 7051 = -m*j. Is j a prime number?
True
Suppose 2*u = -8*x + 67682, 17*u - 4*x = 20*u - 101523. Is u composite?
True
Let s(q) be the first derivative of 6 + 19/3*q**3 + 11*q + 2*q**2. Is s(6) a composite number?
False
Let q(d) = d + 0*d - 4*d + 7 + 5. Let r be q(5). Is 4494/r*5/(-10) composite?
True
Suppose 2*c = -4*f - 6 - 10, -2*f = -4*c + 18. Suppose c*s - 2894 = -4*d, 0*d - 5796 = -4*s - 4*d. Is s a composite number?
False
Suppose 5*c = 130 - 115. Let u be ((-6)/(-4))/((c - 4)/(-2)). Suppose -5*v = -0*m - u*m - 5987, 4*m + 5991 = 5*v. Is v composite?
True
Let m be 10*169 + -1 + -1. Suppose 0 = -191*j + 94279 + 463823. Let l = j - m. Is l prime?
False
Let s(n) = 34333*n + 344. Is s(6) composite?
True
Let g = -14161 - -36075. Is g a composite number?
True
Let j = 53 - 44. Suppose 2*b + 2*n = 6, 4*b + n - j = -2*n. Suppose b = -0*c + 5*c - 6065. Is c a prime number?
True
Let y(a) = a**3 - 2*a**2 - 9*a - 16. Let v be y(6). Suppose 605 = 7*b - v. Is b a composite number?
False
Suppose 0 = -2*s + 8, s = -6*z + 9*z - 3068. Let k = -505 + z. Is k prime?
False
Suppose 30788*q = 30766*q + 23822414. Is q prime?
False
Let u(s) be the third derivative of -s**5/60 + 5*s**4/24 + 9745*s**3/6 - s**2 + 23*s. Is u(0) prime?
False
Let c(x) = -9*x - 11. Let j be c(-6). Let m = j - 39. Suppose l - 2*l - m*r = -186, -3*l + 592 = -5*r. Is l prime?
False
Let z be 1/(-2) - 82/4. Is 307 - (-1)/(z/(-6) - 4) a prime number?
False
Suppose -5*n = -n - 5*m - 22, -n + 3*m + 9 = 0. Suppose 4*r - n*w - 3919 = -723, -w - 3196 = -4*r. Is r a composite number?
True
Suppose -2911332 - 4809301 = -5*p - 3*j, -2*j = -p + 1544137. Is p a composite number?
False
Suppose g + 3*r = -9493, 3*g = -r - 44151 + 15656. Let l = -6726 - g. Is l composite?
True
Let r(v) = -12943*v - 11122. Is r(-27) a prime number?
True
Is -30 + (-7 - -24) - -296676 a prime number?
True
Is -54851*((-10)/600*-10)/(3/(-18)) a prime number?
True
Suppose 0 = -17*z + 31065 - 3882. Let x = 1119 + -76. Suppose 5*u - 2*j - z = 0, x = 2*u + 3*j + 411. Is u a composite number?
True
Let s be (-1 - 8/3)/((-28)/331212). Suppose -153*x - s = -164*x. Is x composite?
False
Suppose 0 = 2*k + 2*x + 462, 0*k = -k + 2*x - 234. Suppose q - 184 - 584 = -t, -4*t = -3*q + 2283. Let p = q + k. Is p a prime number?
False
Let x(w) = w**3 + 7*w**2 + 5*w + 6. Let j be x(-6). Let y be (j/(-10))/(3/(-5)). Suppose -8*b = y*b - 4850. Is b a prime number?
False
Let p = 737186 - 270759. Is p a composite number?
True
Let a = 449 - -401. Suppose -5*v + 800 = -a. Let l = v + 871. Is l composite?
False
Let x = 130 + -110. Suppose x*g - 23*g = 0. Suppose 0*t + 2*u = t - 453, g = -5*t + 5*u + 2275. Is t composite?
False
Suppose -3*m + 3*s + 5349 = 0, 3*s + 6 = 3. Let a = 974 - m. Is 1 + 2 + (-3 - (a - 1)) composite?
False
Is (-55780)/15*(-14712)/32 composite?
True
Suppose -3*p + 18997 = -2*n, -2*n + 3764 + 8904 = 2*p. Is p prime?
False
Suppose 4*w - 2023308 = -4*s, w - 505811 = 42*s - 39*s. Is w prime?
True
Suppose -2*j - 2*f - 229466 = -1754472, -4*f - 2287523 = -3*j. Is j a prime number?
False
Let l(h) = 966*h + 1031. Is l(11) composite?
False
Suppose -4 = -s + 3*s, 0 = 3*h - 2*s - 4. Suppose h = -4*t + 3*t - 5*p + 94, -t + 4*p + 85 = 0. Is t composite?
False
Suppose 0 = 5*u - 77 - 73. Let k = 5596 + -5434. Is 5264/10 + (5 - k/u) prime?
False
Let i be (-30)/(-26) + -5 + (-378)/(-78). Let x be (i - 1)*2/12*-3. Suppose x = 9*y - 3*y - 2034. Is y a composite number?
True
Let w(h) = -h**3 - 23*h**2 - 130*h + 11. Let u be w(-10). Let y(o) = -10*o**2 + 2 + 13*o - 1 + o**3 + 0*o**3. Is y(u) prime?
False
Suppose -2015 = 3*h - q - 3*q, -q + 671 = -h. Let u = 1310 + h. Is u a prime number?
True
Is 90636896/3479 + (-6)/(-14) a prime number?
True
Suppose -2*w + m + 4 = 3, -4*m - 7 = -5*w. Let k be (-4 - 1/w)*2/3. Is 2/((-4)/1532*k/7) a composite number?
True
Suppose -2*p + 2*o + 65826 = 0, -269*p + 262*p + 5*o = -230383. Is p a composite number?
False
Let o = 17 - 17. Let h(g) = 2*g**2 + 2*g + 1. Let i be h(-2). Suppose i*x = 3*r - 417, o = x + x. Is r composite?
False
Suppose 0 = -2*b + 3*b. Let z be (-1 - -103) + (51 - 66). Suppose 3*m + z - 1233 = b. Is m prime?
False
Let a(h) = h**3 - 3*h**2 + 7*h - 21. Let l be a(3). Suppose l = 5*m - 4486 - 15879. Is m a composite number?
False
Let y(s) = 6*s**2 + 52021. Is y(0) composite?
False
Suppose 22 = -4*t + 2*t - 4*k, 4*t + 109 = 5*k. Let y be t + 18 - (0 + (-26841 - -1)). Suppose 8*n = y + 1731. Is n composite?
False
Let n(m) be the third derivative of -47*m**7/5040 + m**6/360 + 3*m**5/10 - m**2. Let z(u) be the third derivative of n(u). Is z(-15) a prime number?
False
Let v(m) be the first derivative of m**4/12 - 11*m**3/6 - 25*m**2/2 - 15*m + 4. Let b(a) be the first derivative of v(a). Is b(-15) a prime number?
False
Let s(d) = -d**3 - 4*d**2 + 19*d + 13. Is s(-15) a prime number?
True
Let o(m) = m**2 + 27*m + 128. Let z be o(-21). Suppose 0 = -2*w + 4*a + 35578, 3*w - z*a = -4*a + 53391. Is w a composite number?
True
Suppose 3*z - 218439 = 3*s, 0 = 132*z - 136*z + 5*s + 291256. Is z composite?
True
Let b(w) = -108365*w + 1498. Is b(-3) composite?
False
Let p be (10/4)/((-1)/(12/(-15))). Suppose 2*c - 3169 = -2*c - b, -p*c + 1586 = 2*b. Suppose -j + i + c = 0, 2*j - 4*i - 1574 = -0*i. Is j composite?
False
Let i be (21/(-18))/7 + 492613/114. Suppose i = g - 3*m, m = -g - g + 8642. Is g prime?
False
Let l = -31 + 33. Let h be l/3*216/12. Is 222 - (h/4 - 4) a composite number?
False
Let z = -49 - -28. Let i be (-8)/6 + 2 + (-151123)/z. Let g = 11030 - i. Is g prime?
True
Suppose 32*j - 6239075 = 7*j. Is j a prime number?
True
Let d(i) = -7*i**3 + 11*i**2 - 17*i + 4. Let w be d(-14). Let y = w + -11411. Is y a prime number?
False
Let a = 36983 - 22840. Let w = a + 3478. Is w prime?
False
Let k(f) = f - 2. Let p be k(5). Suppose -5*i - 1020 = -5*r, -r - p*i = 2*r - 612. Suppose -40*u + 36*u = -r. Is u prime?
False
Let f(x) = 59*x**3 - 15*x**2 + 77*x - 512. Is f(27) prime?
False
Let d = -11 - -16. Suppose -3*c - 3 = k - 7, -d*c + 3*k + 16 = 0. Suppose 0 = -15*m + c*m + 19669. Is m a prime number?
False
Let m = -52 + 47. Is 7123 + (-5)/(m/(-2)) prime?
True
Suppose 131*g - 33*g - 1886095 - 927583 = 0. Is g a composite number?
False
Is (-19)/((-380)/24) - (-330109)/5 a composite number?
True
Let w = -281325 - -552410. Is w a composite number?
True
Suppose -s = -3*b + 246084, b = -110*s + 106*s + 82015. Is b composite?
True
Suppose -9084 = 4*p + 10876. Is 4/(10 + -2)*p/(-5) composite?
False
Let j(f) = 9*f + 23. Suppose -2*u - 7 = 5*p - 4*p, 15 = -3*p. Let w be -2 + u + (-2 - -19). Is j(w) prime?
True
Let f(q) = 32*q**3 - 65*q**3 + 26*q**2 + 38*q + 34*q**3 + 19. Is f(-24) composite?
True
Suppose -4*w + 28 = 2*s + 3*s, 2*s + 8 = 0. Is (w/21)/((-9)/(-63)) + 1797 prime?
True
Let h(v) = 0*v**2 + 29*v + 5*v